 1546*b - 65557. Give f(45).
-37
Let k(h) = -119*h**2 + 1354*h - 473. Give k(11).
22
Let z(x) = -x**3 + 70*x**2 + 2278*x - 2117. What is z(94)?
-49
Let z(m) = -440*m**2 - 456*m + 1. Give z(-1).
17
Let g(h) = -715895*h - 2863574. Calculate g(-4).
6
Let f(k) = -9*k**2 - 250*k + 315. Give f(-29).
-4
Let s(w) = -56552*w + 678634. Give s(12).
10
Let i(z) = 2*z**2 + 770*z - 94586. Calculate i(98).
82
Let h(q) = q**2 + 101070*q + 1919940. What is h(-19)?
-29
Let a(y) = y**3 + 1299*y**2 + 7762*y + 5163. What is a(-1293)?
-9
Let l(o) = o**3 + 275*o**2 + 266*o - 2413. What is l(-274)?
-221
Let g(d) = -d**2 - 148*d - 1087. Give g(-9).
164
Let u(w) = 373*w + 7077. Give u(-18).
363
Let s(j) = j**2 - 1043*j + 244917. Calculate s(357).
15
Let c(i) = i**2 + 64*i + 677. Calculate c(-67).
878
Let r(d) = -9*d**3 + 28*d**2 - 114*d + 102. Calculate r(3).
-231
Let d(l) = -2*l**3 + 4*l**2 - 25248*l + 75770. Give d(3).
8
Let v(o) = 10*o**2 + 6*o + 5. Calculate v(-1).
9
Let z(j) = j**3 + j**2 + 32836*j + 131391. Calculate z(-4).
-1
Let z(q) = 1734*q - 17378. Calculate z(10).
-38
Let u(j) = j**3 + 13*j**2 - 6*j + 29. What is u(-14)?
-83
Let p(k) = -302*k - 9846. What is p(-28)?
-1390
Let a(k) = -k**3 + 125*k**2 + 527*k - 1409. Calculate a(129).
10
Let w(v) = -23*v + 3652. Give w(160).
-28
Let b(q) = 424*q**2 - 210728*q + 7. Determine b(497).
7
Let m(a) = 97*a - 4810. What is m(35)?
-1415
Let h(q) = 3*q**2 + 1388*q + 72484. Give h(-60).
4
Let b(u) = 42*u**2 + 7*u + 129. Calculate b(-6).
1599
Let f(p) = -21997*p - 747955. Give f(-34).
-57
Let g(s) = -245470*s + 13009874. Calculate g(53).
-36
Let j(q) = -50*q**3 - 7*q**2 + 5*q + 2. What is j(1)?
-50
Let m(b) = -3*b**2 - 2528*b + 2535. Calculate m(1).
4
Let h(k) = -2*k**3 + 987*k**2 + 13*k - 249483. Give h(493).
-25
Let c(u) = -u**3 - 37*u**2 + 2207*u + 79701. Calculate c(-35).
6
Let u(r) = -31*r**2 - 586*r - 1169. What is u(-2)?
-121
Let x(p) = -1645*p**2 + 6584*p - 14. Calculate x(4).
2
Let v(a) = 11*a**2 - 747*a - 90. What is v(68)?
-22
Let t(g) = 2*g**2 + 233*g + 5661. Calculate t(-30).
471
Let k(w) = w**2 + 444542*w - 8891240. Calculate k(20).
0
Let p(t) = 68302*t**2 + 478115*t + 3. Give p(-7).
-4
Let u(i) = -433337*i - 866686. Determine u(-2).
-12
Let v(u) = 1728*u - 24175. Calculate v(14).
17
Let u(w) = 2*w**3 + 487*w**2 + 2852*w + 11. Give u(-6).
-1
Let q(g) = 7543*g + 1003222. Determine q(-133).
3
Let i(o) = o**3 - 136*o**2 + 281*o - 1815. Calculate i(134).
-73
Let k(x) = -4594*x - 8151. What is k(-1)?
-3557
Let i(l) = -6217*l - 103729. Give i(-17).
1960
Let k(i) = -300757*i + 902267. Calculate k(3).
-4
Let u(l) = -2964*l + 314159. Determine u(106).
-25
Let x(d) = -d**3 + 1921*d**2 - 5782*d + 50. Determine x(3).
-34
Let w(j) = -6*j**3 + 39*j**2 + 30*j + 21. What is w(8)?
-315
Let t(f) = -216*f - 6901. Determine t(-32).
11
Let t(d) = 15*d**2 + 7987*d + 31759. Determine t(-4).
51
Let h(p) = -p**2 - 44124*p + 1059571. Determine h(24).
19
Let u(f) = -228*f + 5368. Determine u(23).
124
Let t(l) = -13*l**2 - 1074*l + 24143. Calculate t(-101).
4
Let q(p) = 122860*p + 491445. Give q(-4).
5
Let k(j) = 1409*j + 154986. Determine k(-110).
-4
Let f(o) = -1079*o + 89603. What is f(83)?
46
Let d(p) = 235*p - 34536. Give d(147).
9
Let l(n) = 10*n**2 - 261*n + 1684. Determine l(13).
-19
Let r(l) = 7*l**3 + 2379*l**2 - 324*l + 5360. Give r(-340).
-80
Let f(q) = 233*q + 44260. Calculate f(-190).
-10
Let j(d) = -d**3 - 14*d**2 - 51*d - 199. Determine j(-9).
-145
Let d(o) = 947*o + 1976. Determine d(-2).
82
Let j(k) = k**2 + 1473*k - 90270. What is j(59)?
118
Let n(i) = -191*i + 19248. Calculate n(102).
-234
Let v(t) = 32*t**3 + 12768*t**2 - t - 474. Determine v(-399).
-75
Let k(u) = 61669*u + 2651784. Give k(-43).
17
Let a(t) = -3*t**2 + 2276*t - 82152. What is a(38)?
4
Let m(w) = w**2 + 152*w - 7775. Calculate m(-192).
-95
Let a(x) = -x**2 - 404*x + 10739. What is a(25)?
14
Let t(c) = -2*c**3 - 412*c**2 - 575*c - 33866. What is t(-205)?
-41
Let y(w) = 5*w**2 + 1244*w - 37394. Give y(27).
-161
Let q(r) = 14319*r - 4438906. Determine q(310).
-16
Let h(a) = 90*a**2 + 472*a - 327. Calculate h(-5).
-437
Let y(k) = k**2 - 696*k + 115320. What is y(272)?
-8
Let g(z) = z**3 + 321*z**2 - 2992*z - 11. Give g(9).
-209
Let d(m) = 5561*m**2 + 150129*m - 488. Calculate d(-27).
-2
Let v(l) = -875*l + 6274. What is v(8)?
-726
Let f(m) = -9*m**2 - 516*m + 17579. What is f(24)?
11
Let d(j) = -204446*j - 5928963. Calculate d(-29).
-29
Let l(t) = 2*t**3 - 466*t**2 + 1380*t + 83. Determine l(230).
83
Let t(y) = -y**3 + 44*y**2 - 30*y - 94. Calculate t(43).
465
Let o(d) = 1398*d - 80834. Give o(56).
-2546
Let g(a) = -a**2 + 10895*a + 152704. Calculate g(-14).
-22
Let i(k) = -1298*k - 449636. What is i(-347)?
770
Let g(r) = 17116*r - 1283592. What is g(75)?
108
Let l(u) = 26*u**2 - 85*u - 287. Give l(-4).
469
Let o(k) = 14733*k + 11. Calculate o(0).
11
Let l(z) = -30537*z + 91470. Give l(3).
-141
Let s(n) = -5180*n - 20723. Give s(-4).
-3
Let y(c) = -c**3 + 83*c**2 + 441*c + 134. Determine y(88).
222
Let y(j) = 2*j**3 - 702*j**2 + 9374*j + 20895. Determine y(337).
1
Let p(w) = -3*w**2 - 2713*w + 24306. Give p(9).
-354
Let g(n) = -n**3 + 49*n**2 - 477*n + 15590. Calculate g(46).
-4
Let p(i) = 41*i**2 - 1110*i + 38. Calculate p(27).
-43
Let w(v) = 47*v + 8224. What is w(-171)?
187
Let a(s) = -6*s**3 - 86*s**2 + 295*s + 3542. What is a(-15)?
17
Let i(d) = 5*d**2 + 40*d + 451. What is i(-15)?
976
Let f(x) = -x**3 + 648*x**2 + 16137*x + 206. Determine f(-24).
-10
Let f(j) = 436821*j - 8299589. Calculate f(19).
10
Let y(w) = -w**3 + 44*w**2 - 87*w + 382. Determine y(44).
-3446
Let y(h) = 8*h**2 - 380*h - 1646. What is y(-4)?
2
Let t(a) = 3*a**3 - 54*a**2 + 168*a + 1014. Determine t(8).
438
Let m(r) = -17*r**2 - 609*r - 4099. Determine m(-9).
5
Let j(l) = 4*l**3 + 226*l**2 - 385*l - 265. Give j(-58).
1881
Let c(o) = 546*o - 20705. Calculate c(39).
589
Let j(i) = 183*i - 1900. Calculate j(11).
113
Let a(d) = 21130*d + 84459. Determine a(-4).
-61
Let i(p) = -89*p - 82. Determine i(-2).
96
Let l(t) = -2*t**3 - 302*t**2 + 618*t + 1421. What is l(-153)?
503
Let z(m) = -3060*m**2 + 755821*m - 252. What is z(247)?
-5
Let u(s) = 50*s**3 + 15*s**2 - 10*s - 77. Calculate u(-2).
-397
Let a(j) = -11476*j**2 - 52*j + 8. What is a(0)?
8
Let b(q) = 1766*q + 852971. Give b(-483).
-7
Let k(b) = 320*b + 18181. What is k(-57)?
-59
Let d(a) = -319*a + 2247. Give d(8).
-305
Let i(c) = 40574*c + 973823. Give i(-24).
47
Let n(c) = -c**3 - 1321*c**2 - 9228*c + 1675382. Determine n(-1313).
-6
Let a(m) = 26157*m - 444663. Determine a(17).
6
Let v(i) = -14*i**2 - 903*i + 325. Give v(-65).
-130
Let n(z) = 342*z**2 + 377910*z + 1. Calculate n(-1105).
1
Let a(t) = 65*t + 2052. Calculate a(-30).
102
Let y(i) = -2*i**2 - 148*i - 105. Give y(-65).
1065
Let p(s) = -1292*s - 145994. Calculate p(-113).
2
Let x(t) = t**3 + 133*t**2 - 642*t - 12873. Give x(-137).
5
Let q(i) = -287899*i + 287969. What is q(1)?
70
Let x(i) = -1544*i + 650035. Give x(421).
11
Let r(a) = -a**2 + 28894*a - 9397875. Calculate r(329).
10
Let y(i) = -17*i**2 - 7294*i + 74189. What is y(-439)?
-2
Let a(t) = t**3 + 117*t**2 + 1782*t - 88. What is a(-99)?
-88
Let q(u) = u**2 + 98*u + 1806. Determine q(-32).
-306
Let y(w) = -4*w**2 + 51*w + 840. What is y(-10)?
-70
Let t(u) = -24*u**2 + 617*u - 3039. Calculate t(19).
20
Let l(i) = i**3 + 223*i**2 + 6426*i + 67. Give l(-189).
67
Let r(l) = -l**2 + 21932*l + 1716781. Give r(-78).
1
Let c(r) = -2*r**2 - 223*r - 3574. Determine c(-19).
-59
Let s(v) = -517*v - 12571. What is s(-24)?
-163
Let v(z) = 2*z**3 + 324*z**2 - 341*z - 2392. Calculate v(-163).
53
Let w(v) = 2*v**2 + 36*v - 290. What is w(-26)?
126
Let x(q) = -q**3 - 16*q**2 - 96*q - 143. Determine x(-8).
113
Let g(z) = 96162*z - 2307905. Give g(24).
-17
Let y(p) = p**3 + 484*p**2 - 3455*p - 9108. What is y(-491)?
-270
Let t(j) = -37*j**3 - 478*j**2 + 76*j + 500. Determine t(-13).
19
Let t(w) = w**2 + 4168*w + 778525. What is t(-196)?
13
Let a(t) = 85546*t + 2395426. Give a(-28).
138
Let x(y) = 10*y**2 + 678*y + 11418. Give x(-31).
10
Let k(y) = 198*y - 313. Calculate k(5).
677
Let l(o) = -o**3 - 2*o**2 - 3*o + 90. Give l(8).
-574
Let t(h) = 522*h - 84. Determine t(2).
960
Let y(u) = u**3 - 11*u**2 + 345*u - 3805. What i